?
True
Is 55335 a multiple of 21?
True
Is 196 a factor of 8001308?
True
Is 403 a factor of 1186798?
False
Does 9 divide 3684078?
True
Is 21 a factor of 3169988?
False
Is 57 a factor of 70262?
False
Is 106 a factor of 3546344?
False
Is 71128 a multiple of 7?
False
Is 1661665 a multiple of 320?
False
Is 14199262 a multiple of 22?
True
Does 91 divide 18382?
True
Does 487 divide 141365?
False
Is 378094 a multiple of 143?
False
Is 98 a factor of 610148?
True
Is 11 a factor of 306545?
False
Does 3 divide 30196?
False
Is 456926 a multiple of 34?
True
Is 8 a factor of 125089?
False
Is 19411 a multiple of 6?
False
Is 92423 a multiple of 29?
True
Is 15398208 a multiple of 8?
True
Does 44 divide 3320636?
True
Is 6 a factor of 278948?
False
Is 22 a factor of 99066?
True
Is 993 a factor of 1276998?
True
Is 32069 a multiple of 2?
False
Is 13 a factor of 106330?
False
Does 15 divide 11305169?
False
Is 1628 a factor of 27094804?
True
Is 5592279 a multiple of 43?
True
Does 148 divide 708185?
False
Is 10 a factor of 8635037?
False
Does 19 divide 241914?
False
Is 42 a factor of 1689198?
True
Does 38 divide 828742?
True
Does 75 divide 43650?
True
Does 741 divide 1117428?
True
Is 13 a factor of 666874?
True
Does 432 divide 669600?
True
Is 144918 a multiple of 10?
False
Is 1749735 a multiple of 42?
False
Is 975993 a multiple of 789?
True
Is 4 a factor of 135376?
True
Is 94 a factor of 12971718?
True
Does 384 divide 845952?
True
Does 598 divide 5034379?
False
Does 8 divide 3819283?
False
Is 44 a factor of 427569?
False
Is 263 a factor of 5372375?
False
Does 718 divide 13756880?
True
Is 41646 a multiple of 631?
True
Does 7 divide 127639?
False
Is 275035 a multiple of 428?
False
Does 5 divide 625005?
True
Is 21 a factor of 3305904?
True
Is 1419946 a multiple of 473?
True
Does 462 divide 13004601?
False
Is 6 a factor of 4060368?
True
Is 299068 a multiple of 154?
True
Is 404 a factor of 1010590?
False
Is 77 a factor of 3280615?
False
Is 42 a factor of 314187?
False
Does 139 divide 12506306?
False
Is 1430855 a multiple of 312?
False
Is 75943 a multiple of 7?
True
Does 41 divide 5640522?
False
Is 141083 a multiple of 130?
False
Is 7 a factor of 107702?
True
Is 77 a factor of 1943172?
True
Is 97831 a multiple of 361?
True
Does 5 divide 2167?
False
Does 39 divide 115674?
True
Is 3346056 a multiple of 504?
True
Is 4325948 a multiple of 44?
True
Is 5 a factor of 203975?
True
Is 33 a factor of 1266276?
True
Is 233 a factor of 2083952?
True
Does 111 divide 148005?
False
Is 83132 a multiple of 86?
False
Does 10 divide 2092382?
False
Does 25 divide 145525?
True
Is 564 a factor of 14296203?
False
Does 18 divide 3518226?
True
Is 8498940 a multiple of 12?
True
Is 109668 a multiple of 78?
True
Does 53 divide 553002?
True
Does 74 divide 2018794?
True
Does 111 divide 757575?
True
Is 267480 a multiple of 360?
True
Is 420354 a multiple of 386?
True
Does 12 divide 2545211?
False
Is 8 a factor of 888?
True
Does 15 divide 2552317?
False
Does 199 divide 165369?
True
Does 19 divide 143906?
True
Does 17 divide 131497?
False
Is 4 a factor of 21696?
True
Is 15 a factor of 484770?
True
Does 36 divide 5110380?
True
Is 814 a factor of 655681?
False
Does 18 divide 170622?
True
Is 147 a factor of 25858?
False
Does 9 divide 72549?
True
Does 398 divide 13861942?
True
Is 170 a factor of 532270?
True
Is 932283 a multiple of 473?
True
Is 6558 a multiple of 31?
False
Does 42 divide 30665?
False
Is 14 a factor of 587244?
True
Is 794 a factor of 74636?
True
Is 964 a factor of 2305631?
False
Does 75 divide 2355675?
True
Is 442 a factor of 13354146?
True
Does 39 divide 2355374?
False
Is 153 a factor of 251976?
False
Is 29 a factor of 155643?
True
Is 74 a factor of 288031?
False
Does 87 divide 4059417?
False
Does 43 divide 16600640?
False
Is 44 a factor of 1693912?
True
Is 136 a factor of 356376?
False
Is 152 a factor of 650809?
False
Is 621 a factor of 2984512?
False
Does 11 divide 10824649?
True
Is 1190369 a multiple of 756?
False
Is 2 a factor of 194467?
False
Is 95081 a multiple of 7?
True
Does 11 divide 261844?
True
Does 19 divide 2170126?
False
Does 27 divide 663615?
False
Does 17 divide 5299817?
False
Does 45 divide 694125?
True
Does 6 divide 482086?
False
Does 4 divide 164160?
True
Is 1168338 a multiple of 8?
False
Does 582 divide 13603668?
True
Is 5 a factor of 4854080?
True
Is 396 a factor of 284328?
True
Is 165 a factor of 172133?
False
Is 41927 even?
False
Does 17 divide 1632923?
False
Does 72 divide 124704?
True
Is 61 a factor of 802026?
False
Is 681 a factor of 281253?
True
Does 13 divide 1763326?
False
Is 460391 a multiple of 541?
True
Does 57 divide 6997?
False
Does 64 divide 1395913?
False
Is 12811 a multiple of 7?
False
Is 5521 a multiple of 8?
False
Is 11 a factor of 21134?
False
Does 561 divide 1220202?
False
Does 10 divide 44190?
True
Is 2 a factor of 263?
False
Is 384076 a multiple of 154?
True
Is 147 a factor of 119221?
False
Does 24 divide 90717?
False
Is 10790444 a multiple of 119?
True
Does 510 divide 2078430?
False
Is 130 a factor of 958987?
False
Does 2 divide 16753?
False
Is 219 a factor of 2661507?
True
Is 2256384 a multiple of 8?
True
Does 248 divide 21060160?
True
Does 106 divide 4559802?
True
Does 4 divide 10876?
True
Is 1031770 a multiple of 3?
False
Is 52 a factor of 4512040?
True
Does 11 divide 681422?
False
Is 100 a factor of 74800?
True
Is 22 a factor of 944853?
False
Is 5 a factor of 209018?
False
Is 19 a factor of 47443?
True
Does 17 divide 9001266?
False
Is 59272 even?
True
Is 67 a factor of 2179441?
False
Is 350 a factor of 8519?
False
Is 615762 a multiple of 18?
True
Is 8 a factor of 11407832?
True
Is 64 a factor of 196480?
True
Is 57 a factor of 3384603?
True
Does 12 divide 63831?
False
Is 14 a factor of 22555273?
False
Does 17 divide 972158?
False
Does 940 divide 11336400?
True
Is 23 a factor of 261786?
True
Is 144942 a multiple of 6?
True
Is 109 a factor of 54936?
True
Is 174400 a multiple of 80?
True
Does 90 divide 2127418?
False
Is 120897 a multiple of 171?
True
Does 80 divide 464560?
True
Is 28210726 a multiple of 42?
False
Is 2635017 a multiple of 17?
True
Is 904 a factor of 2195816?
True
Does 8 divide 53504?
True
Does 55 divide 1064605?
False
Does 375 divide 133566?
False
Is 389 a factor of 557962?
False
Is 26 a factor of 1359818?
False
Is 43108 a multiple of 5?
False
Does 133 divide 223174?
True
Does 46 divide 90599?
False
Does 201 divide 412653?
True
Is 4246256 a multiple of 56?
True
Is 89 a factor of 2339087?
False
Is 16 a factor of 7651755?
False
Is 120 a factor of 726784?
False
Is 3 a factor of 109538?
False
Does 42 divide 103782?
True
Does 52 divide 2883578?
False
Does 111 divide 1548544?
False
Does 27 divide 1149471?
True
Does 83 divide 9463174?
False
Is 300917 a multiple of 24?
False
Does 4 divide 25888?
True
Is 217 a factor of 3573547?
False
Is 7 a factor of 876120?
True
Is 96867 a multiple of 47?
True
Is 1625871 a multiple of 13?
True
Is 388 a factor of 455798?
False
Does 5 divide 1146109?
False
Is 4396880 a multiple of 8?
True
Is 117441 a multiple of 126?
False
Is 479 a factor of 27525211?
False
Is 94 a factor of 1098108?
True
Is 6 a factor of 2670672?
True
Is 66 a factor of 148518?
False
Does 330 divide 8839405?
False
Is 51 a factor of 246163?
False
Is 731377 a multiple of 23?
True
Does 44 divide 441362?
False
Is 95276 a multiple of 12?
False
Does 56 divide 2285248?
True
Does 1435 divide 713195?
True
Is 344 a factor of 260752?
True
Is 584776 a multiple of 49?
False
Is 21037 even?
False
Is 16 a factor of 7862804?
False
Is 796887 a multiple of 13?
True
Is 238973 a multiple of 181?
False
Is 2590107 a multiple of 13?
True
Is 19 a factor of 8361477?
False
Does 70 divide 1197064?
False
Does 105 divide 85260?
True
Is 1526737 a multiple of 1540?
False
Is 69 a factor of 2967?
True
Is 158 a factor of 263181?
False
Does 11 divide 469150?
True
Is 1298463 a multiple of 258?
False
Is 207 a factor of 1313335?
False
Does 62 divide 38241?
False
Is 27 a factor of 773855?
False
Does 122 divide 5743272?
True
Does 76 divide 436038?
False
Is 880855 a multiple of 1016?
False
Is 8528 a multiple of 328?
True
Is 960064 a multiple of 56?
True
Is 19 a factor of 997600?
False
Is 173 a factor of 61729?
False
Does 2 divide 7463?
False
Is 467874 a multiple of 187?
True
Is 163